 k is divided by 50?
49
Let s be (2/(-3))/((-30)/225). Suppose -12 = -3*d, -3*f - 91 = s*d - 312. What is the remainder when f is divided by 17?
16
Let j(x) be the first derivative of -x**4/4 + 11*x**3/3 + 8*x**2 + 21*x + 37. Let o = -4 + 18. Calculate the remainder when j(12) is divided by o.
13
Suppose -j + 11 = -40. Let f = 102 - j. Calculate the remainder when f is divided by 13.
12
What is the remainder when 188 is divided by (-47)/((-611)/78) - (-6 - 0)?
8
Let t(k) = k - 2. Let h be t(7). Suppose -h*i = -g - 23, -5*g - 3*i + 25 = -0*g. What is the remainder when (-22)/26 + 1 + 50/13 is divided by g?
0
Suppose 0 = 2*d - 0 + 4. What is the remainder when 1/((-5)/(-228))*(7 + d) is divided by 23?
21
Let r be 4/26 - 400/(-104). Suppose r*z - 20 = 5*n, -4*z + 20 = -n + 2*n. Suppose -3*s - 14 + 71 = n. What is the remainder when s is divided by 10?
9
Suppose -9*t - 11 + 425 = 0. Calculate the remainder when 273 is divided by t.
43
Let u be 5*1/(-1) - 18/18. Let d(i) = -11*i - 39. What is the remainder when d(u) is divided by 7?
6
Let i = -649 - -657. Suppose -5*m = -64 - 246. Calculate the remainder when m is divided by i.
6
Let n(w) = -w**2 - 14*w - 23. What is the remainder when (-249)/(-5) + (-2)/(-10) is divided by n(-7)?
24
Suppose 5*u + 34 = -2*x - 5, -4*x - 86 = 2*u. Let q = x - -46. Suppose 4*n + 0*n - q = 0. Calculate the remainder when 14 is divided by n.
2
Let r(m) = m + 4. What is the remainder when r(2) is divided by (2 + 1)/(30/20)?
0
Suppose 68 + 389 = l - 2*c, -3*l + 1360 = 5*c. Calculate the remainder when l is divided by 19.
18
Let a(q) = 7*q**2 + 16*q - 24. What is the remainder when a(2) is divided by 11?
3
Suppose -43*i + 1217 + 503 = 0. Calculate the remainder when 182 is divided by i.
22
Let d = -124 + 128. Suppose -34 = -d*v - 0*u + u, -5*u - 34 = -3*v. Calculate the remainder when 20 is divided by v.
4
Let j(x) = 6 + 5*x - 8*x + 4*x. What is the remainder when 70 is divided by j(18)?
22
Suppose -513*v + 580 = -493*v. Calculate the remainder when 180 is divided by v.
6
Let q(m) = -3*m + 1. Suppose -h - 6 = 2*h. What is the remainder when ((-244)/36*-3)/(h/(-6)) is divided by q(-5)?
13
Suppose 4*t - 7*t + 2*z + 227 = 0, 0 = t - 2*z - 77. What is the remainder when 147 is divided by t?
72
Let p(l) = 66*l**2 + l + 1. Suppose -5*i + 245 = -3*o, -4*i - 4*o + 164 = -0*i. What is the remainder when p(1) is divided by (3 + -2)/(2/i)?
22
Suppose 24 = b - i, -40 - 9 = -2*b + i. Calculate the remainder when 369 is divided by b.
19
Suppose -9 = -3*x - 0. Suppose 5 + 5 = -2*c, -5*y + 365 = -x*c. Calculate the remainder when y is divided by 15.
10
Suppose 51*t - 10094 = -38*t - 9*t. Let l = -15 - -36. Calculate the remainder when t is divided by l.
19
Suppose 0*h + 4*h = 3*z - 63, 0 = 5*z - h - 105. Suppose -17*c - 4*g + 127 = -14*c, 4*c - g - 163 = 0. Calculate the remainder when c is divided by z.
20
Let g(d) = -77*d**3 + d + 1. Let f be g(-1). Let w = -23 + 33. What is the remainder when (-396)/(-14) - 22/f is divided by w?
8
Let i be (-22*1)/(0 - (3 - 1)). Suppose 7*o + 216 = i*o. Calculate the remainder when o is divided by 7.
5
Let b(c) = 62*c + 1. Let a be b(-1). Let r = 88 + a. What is the remainder when r is divided by 7?
6
Let s(c) = 17*c - 3*c**2 - 78*c - c**2 + 38*c - 3. Calculate the remainder when 45 is divided by s(-5).
9
Let m = -74 + 86. What is the remainder when 727 is divided by m?
7
Calculate the remainder when 343 is divided by ((-14)/10)/(-4 - 2178/(-550)).
28
Calculate the remainder when 51 - ((-322)/(-84) + (-1)/(-6)) is divided by 12.
11
Suppose 3*d - 462 = -3*v, -4*d - 26*v = -27*v - 626. Calculate the remainder when d is divided by 27.
21
Let t be (-1 - 1)/((-4)/64). Suppose -3*l + t = -l. What is the remainder when 30/(-10) - ((2 - 51) + 1) is divided by l?
13
Let p(r) = -r**2 - 10*r + 78. What is the remainder when 235 is divided by p(4)?
15
Let q = 4 - -17. Suppose 60 = 2*d + 3*d. What is the remainder when q is divided by d?
9
Let u(y) = 2*y + 233. Calculate the remainder when u(-10) is divided by 75.
63
Suppose 3*i + 2*v = 498, 4*i - 427 - 230 = -5*v. What is the remainder when i is divided by (1/(-2))/(((-8)/56)/((-60)/(-21)))?
8
Let j(y) = 13*y - 5. Let n(x) = -25*x + 10. Let a(q) = -5*j(q) - 3*n(q). What is the remainder when (-1)/(-3) + 128/3 is divided by a(2)?
13
Let k(f) = -13*f + 8. Let o be k(7). Let q = -78 - o. Suppose -5*x - 28 = -4*n, 6*x = 2*x - 16. Calculate the remainder when q is divided by n.
1
Suppose -303 = s - 321. What is the remainder when 178 is divided by s?
16
Suppose -2*d - 3*t = -798, -14*d + 5*t + 1574 = -10*d. What is the remainder when d is divided by 126?
18
Let a be 0/5 + -123 + 1. Let y = 132 + a. What is the remainder when 16 is divided by y?
6
Suppose 4*x = -3*v + 3*x + 10, 0 = -2*v + 2*x + 12. Calculate the remainder when 38 is divided by v.
2
Let t(y) be the first derivative of -y**4/4 + 10*y**3/3 - 2*y**2 + 2*y - 11. Let g be t(10). Let x = -21 - g. What is the remainder when 47 is divided by x?
13
Let g = 132 - 314. Let l be -68*2 - 120/(-20). Let r = l - g. Calculate the remainder when r is divided by 18.
16
Suppose 6*a - a = 120. Let z = -24 - -199. Suppose 4*l - 196 = -3*m - m, 0 = -4*m + 3*l + z. Calculate the remainder when m is divided by a.
22
Let q = -100 - -117. Suppose 5*b - 21 = -1. What is the remainder when q is divided by (-3)/(-12)*4 + b?
2
Suppose 5*a + 194 = 3*f - 226, 4*f - a - 577 = 0. Suppose -29*k - f = -34*k. What is the remainder when k is divided by 10?
9
Let n(y) = -3*y + 88. Let w be n(22). What is the remainder when (-11)/(w/(-400)) + -1 + 0 is divided by 40?
39
Suppose 0 = d - h - 20, 5*d + h - 70 = -0*h. Suppose -4*y - 3*l + 297 = 0, 0 = -4*l + 2 + 10. Calculate the remainder when y is divided by d.
12
Let m(o) = -o**3 + 32*o**2 + 31*o + 258. What is the remainder when m(33) is divided by (-21)/((-1)/(-4) + -1)?
24
Suppose 31*i - 54*i + 16123 = 0. What is the remainder when i is divided by 54?
53
Let n(i) = 33*i**3 - i**2 + i - 2. Let w be n(-2). Let k = w - -465. Calculate the remainder when k is divided by 49.
46
Suppose 0 = 4*m + 177 - 621. Let g = -80 + m. What is the remainder when g is divided by 17?
14
Suppose 156 = 3*f - 96. Calculate the remainder when f is divided by (1/(-2))/(1 - 696/688).
41
Let p(b) = -b + 1. Let c be p(-2). Let g be c - 0 - 0/(-4). Calculate the remainder when 1/1 - (-132)/g is divided by 12.
9
Suppose -5*k + 2 = j - 18, -5*k = -3*j. Suppose 21*x = 16*x + 2125. What is the remainder when (2/(-5))/((-17)/x) is divided by k?
1
Suppose -3*m - 4*t + 56 = 0, t - 30 = -4*m + 23. Let b = 262 - 169. Calculate the remainder when b is divided by m.
9
Suppose -3*g = -3*y + 237, -y - 3*g + 37 + 34 = 0. Calculate the remainder when 191 is divided by y.
37
Let t(s) = 2*s**2 - 84*s - 122. Calculate the remainder when t(44) is divided by 16.
6
Let m(k) = -125*k**3 - 4*k**2 + 3*k + 6. Calculate the remainder when m(-1) is divided by 64.
60
Suppose 372*b = 362*b + 160. Calculate the remainder when 230 is divided by b.
6
Suppose 13*s - 476 = -15*s. What is the remainder when 101 is divided by s?
16
Suppose 6 = 15*z - 18*z. Calculate the remainder when 57 is divided by (16/(-40))/(z/60).
9
What is the remainder when 235 is divided by -1 - -56 - (-232)/58?
58
Let t = -3 - -75. Calculate the remainder when t is divided by 11.
6
Let v(n) = -n**3 + 23*n**2 + 23*n + 42. Calculate the remainder when 174 is divided by v(24).
12
Let n = 386 - 351. What is the remainder when (548/(-12))/(2/(-6)) is divided by n?
32
Suppose 0 = -1030*s + 1022*s + 2360. Calculate the remainder when s is divided by 15.
10
Suppose 20 = 4*q, -160 = -5*i - 4*q + 15. Let k = 1 + 4. Suppose -k*j = -4*n + 3*n - 8, -5*n = -2*j - 75. What is the remainder when i is divided by n?
14
Let n be (-1)/(-4) + 7/4. Suppose n*s + 2 = -u - 2*s, 4 = 3*u + 2*s. Suppose -4*q + 46 - u = 0. What is the remainder when 21 is divided by q?
10
Let k(f) = 27 - 3*f - 2*f**2 + 3*f**2 - 5*f - 12. Let z be k(6). Suppose -3*c - 18 = -3*i + c, 2*c + 24 = z*i. What is the remainder when i is divided by 4?
2
Let u = 87 - 83. Suppose o - 38 = -5*m, -13 = -u*m + 3*o + 25. Let a(v) = -22*v. What is the remainder when a(-1) is divided by m?
6
Let z(a) = a**2 + 12*a + 29. Let t be z(-9)